 - 20) + (1 - 9)?
-2
2 - (2 + 2 - -3 - 4)
-1
Calculate 3 + (-4 - -11) + -2 - 3.
5
-2 + (8 - 0) + -1
5
What is 7 + 0 + (4 - 12 - -5)?
4
What is (13 - 8) + 2 - 6?
1
What is 6 + -5 + -1 - (1 + -2)?
1
-4 + 12 - 17 - -9
0
0 + -5 - (0 + -8)
3
What is (8 - 9) + (-1 - -3) + 6?
7
3 + (-2 - 3) - 2
-4
Calculate 3 + (6 + -3 + -4 - 2).
0
What is the value of (-120 - -107) + 1 + 7?
-5
Evaluate 1 + -4 + (7 - 2).
2
Evaluate -22 + 29 - (1 - 0).
6
What is (0 - 2 - -4) + (-7 - -3)?
-2
(-1 - (-1 - 2)) + (0 - 0)
2
(1 - 6 - (-10 - -9)) + 0
-4
Calculate (5 - 0) + 1 - (-6 - -21).
-9
Evaluate -5 + 0 + (12 - 8).
-1
What is (-9 - (-12 - -6)) + 0 + -1?
-4
Evaluate -17 + (18 - 3) + -7 + 0.
-9
0 + 1 + 5 - 1
5
What is (-9 - (-9 - -4)) + 0?
-4
Evaluate 3 - (0 + 0) - 0.
3
Calculate -9 - (-5 + 7 + -5).
-6
What is the value of 3 - (2 + -3) - (29 - 32)?
7
What is (4 - 2 - 1) + 0?
1
Calculate (-1 - 4) + (7 + -8 - 1).
-7
What is the value of -5 + -3 - -15 - 3?
4
Calculate (1 - (9 + 0)) + 10.
2
Calculate 3 - (5 - 10 - -3).
5
Calculate 6 + -8 - 6 - -4.
-4
What is the value of 3 - 1 - (8 - -2)?
-8
Calculate 3 + 2 + 20 + -23.
2
What is the value of 0 + (1 - 1) + (-2 - 1)?
-3
What is the value of (2 - (1 - 1)) + -3?
-1
What is the value of 18 + 5 + -7 - 7?
9
Calculate (-2 - 0) + (14 - (1 + 8)).
3
Calculate 5 + (6 - 2) + -1 + -7.
1
Evaluate -1 + (3 - 5) + 3.
0
What is 6 - (11 - (8 - -1))?
4
What is 10 + -12 + 2 + 6?
6
What is 9 + (-3 - 5) + -8?
-7
-1 + -5 + 0 + 2 + 7
3
-10 + (-9 - -23) + -4 + 2
2
2 - (2 + -2 + -1 - -3)
0
3 + -8 - (-2 - (0 + -2))
-5
What is the value of 0 + -2 + 6 + 1 + 0?
5
What is -43 - -58 - (7 + 1)?
7
3 + (2 - 1) - (-8 - -11)
1
Evaluate 0 - 2 - (30 - 33).
1
Evaluate 8 + -1 + -3 + -6 - 0.
-2
Evaluate -10 + 9 + (4 + -7 - 3).
-7
What is the value of (3 - 3) + 2 - (-5 - -7)?
0
What is (2 - (-3 + 8)) + (-2 - 0)?
-5
Evaluate (11 - 21) + 11 - -8.
9
What is 5 + -11 + 8 + (0 - 6)?
-4
What is the value of -14 - -10 - 4 - 1?
-9
What is 10 - 6 - (1 + 3) - 2?
-2
Calculate 3 - (-2 + (-6 - -5 - -4)).
2
Calculate (-2 - (0 + 5)) + 5.
-2
What is -3 + 1 - (-123 - -114)?
7
Calculate 0 + -8 + 9 + -2 - -4.
3
Calculate -1 + -2 + 6 - 4 - -4.
3
Evaluate (-3 - (-8 + 8)) + -2.
-5
What is the value of -7 + -1 + (-10 - -11)?
-7
What is the value of 1 + (3 - (2 - 4))?
6
What is -3 + 1 + -1 + -1?
-4
Calculate -6 + 3 + 6 + (-24 - -20).
-1
Calculate 0 + 4 + (-3 - (-2 - 2)).
5
Evaluate 1 + -2 + 3 + -2.
0
Evaluate 1 - (-3 + 11 + -5).
-2
What is the value of 4 + -2 + -2 + 2 - -2?
4
Evaluate (14 - (22 + -3)) + -1 + 6.
0
Evaluate -4 - (-2 - 4 - 3).
5
Evaluate (2 - 4) + 4 + (-1 - -6).
7
What is (-1 - 0) + -2 - (-4 - -2)?
-1
Evaluate -15 + 21 + (-1 - 4).
1
Calculate 4 + 1 + -6 + 3.
2
Calculate -3 + 5 + 1 - 8.
-5
Evaluate 8 + -3 - (-7 - -9).
3
What is (-9 - -2 - -1) + (5 - -3)?
2
Evaluate (3 + (2 - 7) - -1) + -3.
-4
What is 7 + 1 + -56 + 45?
-3
What is the value of 2 + -2 + (2 - 3)?
-1
Evaluate 1 + 7 + (-17 - -14) + -2.
3
Evaluate (35 - 37) + (5 - (1 - 3)).
5
Evaluate 9 + 9 + -10 + -2.
6
Evaluate -7 + 3 - (-15 - -13).
-2
2 + 2 + -3 + (-1 - -1)
1
What is the value of 0 + (-2 + -8 - -13)?
3
What is the value of 2 - -5 - (7 + 6)?
-6
What is 2 + 1 + -2 + -2 - 3?
-4
Calculate (-5 - -5 - -2) + 0 + -1.
1
2 + -4 + (-2 - -4) + -2
-2
Calculate 0 - (7 + -3) - (-8 - -1).
3
Evaluate -6 - (-7 - 5) - (3 + 1).
2
What is 4 + (-1 - -4 - 3)?
4
Evaluate 5 - ((-2 - 2) + 3 - -3).
3
What is -9 + (3 + -6 - -7)?
-5
What is -1 - (5 + (-3 - -2))?
-5
What is the value of (-19 - -15) + (0 - -1) + 1?
-2
5 - ((-2 - -6) + -5 - 4)
10
Evaluate 4 - (3 + 2) - 5.
-6
What is the value of 4 - (3 + -1) - 3?
-1
Calculate 3 - (3 - (-6 + 4)).
-2
Calculate -8 - (-8 + (6 - 4)).
-2
Calculate 11 - ((-10 - -19) + 3).
-1
What is the value of (11 + -7 - -7) + -4?
7
What is -7 + 5 + -1 + 4 + -5?
-4
Evaluate (-4 - (3 - 6)) + 5 - 3.
1
Evaluate (-2 - (0 + -4)) + (0 - 0).
2
Evaluate 5 + (3 - 5) + 2.
5
Evaluate (-3 - -1) + 0 + 4 + 1.
3
Calculate -5 - ((6 - 3) + -1 + -2).
-5
Calculate -5 - (-1 + -13 - -8).
1
2 + (0 - -2) - (31 + -22)
-5
Calculate (4 - 1) + 3 + -1 + -2.
3
What is the value of -2 + 3 + -12 + 10?
-1
Evaluate (7 - 11) + 12 - 3.
5
What is the value of 10 + (-10 + 13 - 20)?
-7
What is the value of (-4 - (0 - -2 - -2)) + 4?
-4
Calculate (-6 - -10) + -5 + 0.
-1
What is -5 - (4 + (6 + -11 - 0))?
-4
What is the value of 4 + -4 - (1 + 0)?
-1
What is -10 + 2 - (-83 + 80)?
-5
Evaluate 2 + -6 + 1 - (-2 + 2).
-3
What is the value of 3 + (-4 - (2 + 1))?
-4
What is the value of 1 + 3 + -13 + 7 + 7?
5
-6 - (-9 + 2 - -3)
-2
What is the value of -4 + 5 + -2 + 4?
3
Evaluate -2 - (0 - (4 + -4) - 1).
-1
Calculate -2 + -3 - (18 + -10 + -12).
-1
Evaluate -3 + 8 + -3 + -3.
-1
15 - 5 - 4 - (2 - -1)
3
Calculate (-6 - 0) + 4 - -5.
3
What is 0 - -4 - (-15 - -15)?
4
Calculate -8 + (-8 + 2 - -13 - 0).
-1
Evaluate 3 + (-13 - 0) + 7.
-3
Evaluate -9 + 5 + (2 - (5 + -2)).
-5
Evaluate 1 + -2 - (2 + -2 + 0).
-1
-15 + 19 + -5 + 6
5
Evaluate 43 + -39 + (8 - 3).
9
What is (-16 - -19) + (2 - 1)?
4
What is the value of (24 - 24) + (0 - 4)?
-4
What is the value of (-10 - -2) + (-3 - -5)?
-6
What is -6 - ((5 - 3) + -4)?
-4
What is (-7 - -5 - -7) + -14?
-9
Evaluate -1 + 1 + (-2 - (0 - -2)).
-4
What is -5 + (-6 - -4) - -7?
0
Evaluate (-1 - (4 + -1)) + 7 + 6.
9
What is 5 + (2 - 8) + (-1 - -1)?
-1
What is -4 - (-16 - -6) - -1?
7
-3 + (8 - (3 - -1))
1
Evaluate 9 - (9 + 1) - (-2 - -1).
0
Evaluate (-3 - -2) + -3 + -4 + 4.
-4
Evaluate 2 + (7 - (-5 + 11)).
3
What is the value of 5 + 5 + -11 + -4?
-5
Calculate 3 - (-2 - -11) - (-1 + -1).
-4
What is -3 - -5 - (11 + -6)?
-3
What is the value of (-6 + -4 - -3) + 16 + 1?
10
What is 2 - 9 - (-6 - -5)?
-6
Evaluate (3 - 1) + 7 + -6 - 8.
-5
What is -4 + (-1 + 5 - -1)?
1
-2 - -8 - 4 - (4 - 1)
-1
1 + 0 + (-2 - (-3 + 2))
0
What is -9 - (-5 - -2) - (-2 + 1)?
-5
Evaluate -2 - (-13 + 2 - -4 - -3).
2
-3 + 3 + (6 - 1)
5
(-22 - 0 - -10) + 19
7
What is the value of -12 + 8 + 12 + 0?
8
What is the value of 3 + (-9 - 0) - -12?
6
What is the value of 0 + -2 + (6 - -1)?
5
-13 - (5 + -4 + -2 + -5)
-7
3 + (2 - 3) - 3
-1
-104 - -99 - (-2 + (-3 - -1))
-1
Calculate -14 + 12 - 4 - -14.
8
Evaluate -5 + -4 - (2 + -7) - -10.
6
What is the value of -3 + 11 + -6 + 4 + -2?
4
What is -5 - 8 - (5 + -28)?
10
Evaluate 5 - (11 + (-1 - 12)).
7
What is the value of 4 - (-12 + 19) - -3?
0
Calculate -5 - -1 - (-3 + (1 - -1)).
-3
(-9 - -14) + 5 - 6
4
What is 6 - ((-2 - -4 - -2) + -5)?
7
What is -7 + (11 - 3) + -6?
-5
-4 - (-7 - (-4 - -2 - -2))
3
What is (3 - (2 + 0)) + (1 - -3)?
5
Evaluate 3 + 1 - 4 - -3.
3
Evaluate -3 + -4 + (-1 - 4 - -7).
-5
Evaluate -5 + -4 + 5 + 4.
0
2 - 2 - (-4 + 5 + -1)
0
Evaluate -6 + 2 + 8 + -4.
0
Evaluate -4 + 0 + (5 - -3) + -5.
-1
Calculate (-7 + 0 - -7) + 3.
3
What is the value of -1 + 4 - (-4 - (-4 + -5))?
-2
Evaluate 1 + -1 + (-20 - -18).
-2
Evaluate -10 - (3 - (-7 - -14)) - -11.
5
14 + -3 - 6 - 5
0
What is the value of -2 + -4 + 4 + 3?
1
What is the value of (-6 - -5 - -3) + 2 - 6?
-2
Calculate -3 + -8 - (2 - 10 - 1).
-2
What is 4 - (9 - 3 - 4) - -2?
4
0 + (1 - -2) + -5
-2
What is the value of -2 + -1 + 5 - (5 - 8)?
5
What is 2 - ((-16 - -12) + (-1 - -7))?
0
Calculate -4 + 3 + 5 + -5.
-1
Calculate -7 - (-6 - (-2 - -2)).
-1
8 + -7 + 5 - 0
6
What is the value of 3 - (4 + -8 + 1 + 5)?
1
Calculate -8 + 4 - -11 - -1.
8
-2 + 1 - (-6 + 6)
-1
-1 - (-4 - -1) - 0
2
Calculate 7 + 3 + 6 + -12.
4
Evaluate 9 + -1 - (-46 + 58).
-4
Calculate 3 - (-5 + 5 - 3 - -1).
5
Evaluate (2 - 4) + (-7 - -8).
-1
-3 + -9 + 0 + 6
-6
What is the value of 4 - (6 + -4 + -1)?
3
Calculate (-3 + 15 - -11) + -15.
8
Evaluate (-2 - 1) + 15 - (-15 - -20).
7
Evaluate (-6 - (4 + -3 - 12)) + 2.
7
What is (-5 - -2 - -4) + -2?
-1
Evaluate 12 - 6 - 5 - (2 - -3).
-4
Evaluate -2 - (2 - 5 - -2).
-1
Calculate -4 - -5 - (7 + -6).
0
Calculate 4 - (10 - 1) - -1.
-4
What is (4 - 9 - -3) + -3?
-5
3 + 1 - (33 + -26)
-3
What is -1 + 2 + (7 - 3) + -3?
2
What is the value of 0 + -4 - (-8 - 3 - -2)?
5
Calculate 7 + -4 + (5 - 8).
0
(6 - (-10 - -7)) + -6
3
What is -3 + 3 + (1 - 2) + -4?
-5
-6 + -4 + 7 + -4 + 12
5
What is (19 - 23 - (5 - -1)) + 1?
-9
What is -3 + 4 + -3 + (-4 - -2)?
-4
What is the value of -30 + 33 + (-9 - 1)?
-7
Evaluate (-53 - -59) + -5 + 1.
2
Evaluate (-1 - -12 - 3) + -4.
4
Evaluate -9 + -3 - -4 - -10.